{"id":7855,"date":"2024-04-04T12:05:20","date_gmt":"2024-04-04T09:05:20","guid":{"rendered":"http:\/\/www.phil.bilkent.edu.tr\/?page_id=7855"},"modified":"2024-04-04T12:05:45","modified_gmt":"2024-04-04T09:05:45","slug":"mezun-profili-gamze-kaya","status":"publish","type":"page","link":"http:\/\/www.phil.bilkent.edu.tr\/index.php\/mezun-profili-gamze-kaya\/","title":{"rendered":"Mezun Profili: Gamze Kaya"},"content":{"rendered":"<p><em><img fetchpriority=\"high\" decoding=\"async\" class=\"alignleft size-medium wp-image-7856\" src=\"http:\/\/www.phil.bilkent.edu.tr\/wp-content\/uploads\/2024\/04\/WhatsApp-Image-2024-04-04-at-10.23.01-AM-300x224.jpeg\" alt=\"\" width=\"300\" height=\"224\" srcset=\"http:\/\/www.phil.bilkent.edu.tr\/wp-content\/uploads\/2024\/04\/WhatsApp-Image-2024-04-04-at-10.23.01-AM-300x224.jpeg 300w, http:\/\/www.phil.bilkent.edu.tr\/wp-content\/uploads\/2024\/04\/WhatsApp-Image-2024-04-04-at-10.23.01-AM-1024x765.jpeg 1024w, http:\/\/www.phil.bilkent.edu.tr\/wp-content\/uploads\/2024\/04\/WhatsApp-Image-2024-04-04-at-10.23.01-AM-768x574.jpeg 768w, http:\/\/www.phil.bilkent.edu.tr\/wp-content\/uploads\/2024\/04\/WhatsApp-Image-2024-04-04-at-10.23.01-AM-1536x1147.jpeg 1536w, http:\/\/www.phil.bilkent.edu.tr\/wp-content\/uploads\/2024\/04\/WhatsApp-Image-2024-04-04-at-10.23.01-AM.jpeg 1600w\" sizes=\"(max-width: 300px) 100vw, 300px\" \/>B.A. Felsefe (Bilkent \u00dcniversitesi, 2022)<br \/>\n____________<\/em><\/p>\n<p><strong>1. Merhaba Gamze! Bize biraz kendinden bahset. Bilkent\u2019ten mezun oldu\u011fundan bu yana neler yap\u0131yorsun?<\/strong><\/p>\n<p>Merhaba! Bilkent\u2019ten yakla\u015f\u0131k iki y\u0131l \u00f6nce mezun oldum. Bilkent\u2019teki son d\u00f6nemimde T\u00fcrkiye Bilimsel ve Teknik Ara\u015ft\u0131rma Kurumu\u2019nda (T\u00dcB\u0130TAK) stajyer ara\u015ft\u0131rmac\u0131 olarak \u00e7al\u0131\u015fm\u0131\u015ft\u0131m. Mezuniyetten sonra da T\u00dcB\u0130TAK\u2019ta Yapay Zek\u00e2 Eti\u011fi Ara\u015ft\u0131rmac\u0131s\u0131 olarak \u00e7al\u0131\u015fmaya devam ettim.<\/p>\n<p><strong>2. \u015eimdi neredesin ve ne \u00fczerine \u00e7al\u0131\u015f\u0131yorsun?<\/strong><\/p>\n<p>\u015eu an da T\u00dcB\u0130TAK\u2019ta yapay zek\u00e2 eti\u011fi \u00fczerine \u00e7al\u0131\u015fmaya devam ediyorum. Ayn\u0131 zamanda, T\u00fcrk Standartlar\u0131 Enstit\u00fcs\u00fc Yapay Zek\u00e2 Ayna Komitesinde uzman olarak yer al\u0131yor ve European Committee for Standardization\/European Committee for Electrotechnical Standardization ve International Organization for Standardization\/International Electrotechnical Commission b\u00fcnyesinde y\u00fcr\u00fct\u00fclen yapay zek\u00e2 standart \u00e7al\u0131\u015fmalar\u0131na kat\u0131l\u0131yorum. Bunun yan\u0131 s\u0131ra, \u00fclkelerin yapay zek\u00e2 politikalar\u0131n\u0131 ara\u015ft\u0131rarak y\u0131ll\u0131k Yapay Zek\u00e2 ve Demokratik De\u011ferler Endeksi yay\u0131nlayan bir STK\u2019n\u0131n (Center for AI and Digital Policy) ara\u015ft\u0131rma grubunda tak\u0131m liderli\u011fi yap\u0131yorum. \u00c7al\u0131\u015fmalar\u0131ma akademide devam etmeyi planlad\u0131\u011f\u0131m i\u00e7in yak\u0131n zamanda y\u00fcksek lisans ba\u015fvurular\u0131 yapmaya ba\u015flad\u0131m.<\/p>\n<p><strong>3. Neden Bilkent\u2019te felsefe okumay\u0131 se\u00e7tin?<\/strong><\/p>\n<p>Bilkent Felsefe akademik kadrosunun g\u00fc\u00e7l\u00fcl\u00fc\u011f\u00fc ve ara\u015ft\u0131rmadaki ba\u015far\u0131s\u0131 ile T\u00fcrkiye\u2019deki di\u011fer felsefe b\u00f6l\u00fcmleri aras\u0131ndan s\u0131yr\u0131l\u0131yor. Bu g\u00fc\u00e7l\u00fc yanlar, m\u00fcfredat\u0131ndaki esnekli\u011fi ve \u00e7e\u015fitlili\u011fi ile birle\u015fti\u011finde sadece akademik kariyer planlayanlar i\u00e7in de\u011fil felsefe e\u011fitiminde edinece\u011fi yetenekleri i\u015f hayat\u0131na aktarmay\u0131 planlayanlar i\u00e7in de \u00f6nemli bir se\u00e7enek haline geliyor. Yani hem \u00e7ok farkl\u0131 ilgi ve beklentileri olan insanlara hitap ediyor hem de mezuniyet sonras\u0131nda sizi tek bir se\u00e7enekle ba\u015f ba\u015fa b\u0131rakm\u0131yor; farkl\u0131 alanlara y\u00f6nelebilece\u011finiz bir\u00e7ok yetenek kazanman\u0131za olanak tan\u0131yor. Bilkent\u2019te felsefe okumay\u0131 se\u00e7memde ba\u015fat rol oynayan fakt\u00f6r\u00fcn bu esneklik oldu\u011funu s\u00f6yleyebilirim \u00e7\u00fcnk\u00fc Bilkent Felsefe\u2019yi felsefede akademik kariyer yapmay\u0131 planlayan biri olarak de\u011fil teoriyi prati\u011fe ta\u015f\u0131maya ve etik, politika, psikoloji ve ekonomi gibi farkl\u0131 alanlara ilgi duyan biri olarak se\u00e7tim. Mezuniyet sonras\u0131 i\u00e7in de farkl\u0131 se\u00e7eneklere a\u00e7\u0131kt\u0131m ve bahsetti\u011fim sebeplerden \u00f6t\u00fcr\u00fc Bilkent Felsefe\u2019nin beni farkl\u0131 se\u00e7eneklere haz\u0131rlayabilece\u011fini d\u00fc\u015f\u00fcnd\u00fcm.<\/p>\n<p>Bahsettiklerimi somut olarak a\u00e7\u0131klamam gerekirse, felsefe zaten di\u011fer disiplinlerle s\u0131k s\u0131k kesi\u015fir. M\u00fcfredat bir taraftan farkl\u0131 disiplinlerden ders alman\u0131z\u0131 gerektirerek bu disiplinleri tan\u0131man\u0131za olanak tan\u0131d\u0131\u011f\u0131 gibi \u00e7ok say\u0131da se\u00e7meli ders sunarak ilgili oldu\u011funuz di\u011fer disiplinlerin y\u00f6ntemlerini \u00f6\u011frenmenize olanak tan\u0131yor. Ayn\u0131 zamanda, se\u00e7meli dersleri yan dal imkan\u0131yla birle\u015ftirerek ba\u015fka bir disiplinde kayda de\u011fer miktarda bilgi birikimine sahip olman\u0131za olanak tan\u0131yor. Bunlar\u0131n sonucunda di\u011fer disiplinlerden edindi\u011finiz bilgilerle felsefi anlay\u0131\u015f\u0131n\u0131z\u0131 geli\u015ftirebilmeniz ya da felsefede edindi\u011finiz bilgi birikiminiz ve yetenekleri ba\u015fka disiplinlere aktarabilmeniz m\u00fcmk\u00fcn oluyor. Bu y\u00fczden, lisans e\u011fitimimin felsefede iyi bir akademik kariyerim olmas\u0131na da ba\u015fka bir alanda ba\u015far\u0131l\u0131 olmama da imk\u00e2n sa\u011flayabilece\u011fini d\u00fc\u015f\u00fcnd\u00fcm. Ayr\u0131ca, m\u00fcfredat hem iki tane staj yapman\u0131z\u0131 gerektiriyor hem de son y\u0131l\u0131n\u0131zda tez yazman\u0131z\u0131. Bu, akademiye ve i\u015f hayat\u0131na ne kadar uygun oldu\u011fumu \u00f6l\u00e7mem ve bilin\u00e7li bir tercih yapmam i\u00e7in iyi bir f\u0131rsat olacakt\u0131.<\/p>\n<p><strong>4. Bilkent\u2019te felsefe okumak nas\u0131l bir deneyimdi?<\/strong><\/p>\n<p>Hem e\u011flenceli hem de zorlu bir deneyimdi diyebilirim. Lisans y\u0131llar\u0131mda i\u00e7inde bulundu\u011fum ortam konfor alan\u0131mdan \u00e7\u0131kmam i\u00e7in te\u015fvik ediciydi. Bu a\u00e7\u0131dan geli\u015fimime epey katk\u0131da bulundu, ama tabii ki geli\u015fim birtak\u0131m zorluklarla beraber geliyor. Bilkent\u2019in okumas\u0131 kolay bir \u00fcniversite oldu\u011funu s\u00f6yleyemem ama b\u00f6l\u00fcmdeki hocalar\u0131m\u0131z sadece akademik ba\u015far\u0131m\u0131za de\u011fil ayn\u0131 zamanda ki\u015fisel geli\u015fimimize ve psikolojik olarak iyi olmam\u0131za da \u00f6nem veren ki\u015filerdi. Bu ba\u011flamda, \u015fansl\u0131 ve ayr\u0131cal\u0131kl\u0131 hissetti\u011fimi belirtmem gerekir \u00e7\u00fcnk\u00fc zorluklara kar\u015f\u0131 hi\u00e7 yaln\u0131z hissetmedim. Bir sorununuz oldu\u011funda payla\u015fabilece\u011finiz yeri geldi\u011finde sizi anlay\u0131\u015fla kar\u015f\u0131layan ve rehberlik eden hocalar\u0131n\u0131z\u0131n olmas\u0131 \u00e7ok de\u011ferli ger\u00e7ekten, \u00f6zellikle de belirsizliklerin artt\u0131\u011f\u0131 zor zamanlarda\u2026 Pandemi s\u0131ras\u0131nda lisans e\u011fitimime devam ediyordum. Bu s\u00fcre\u00e7te, b\u00f6l\u00fcm hocalar\u0131m\u0131z hem kaliteyi d\u00fc\u015f\u00fcrmeden e\u011fitime devam edebildi hem de insani de\u011ferleri \u00f6nceleyerek bizlere kar\u015f\u0131 anlay\u0131\u015fl\u0131 davrand\u0131.<\/p>\n<p>Ayr\u0131ca, Bilkent\u2019te ders d\u0131\u015f\u0131 etkinlikler a\u00e7\u0131s\u0131ndan aktif bir ortam var. Lisans\u0131m boyunca \u00e7e\u015fitli kul\u00fcplerde yer ald\u0131m ve farkl\u0131 aktivitelere kat\u0131ld\u0131m. Bizzat organizasyonunda yer ald\u0131\u011f\u0131m etkinlikler, en \u00e7ok keyif ald\u0131klar\u0131md\u0131. 3. Bilkent Uluslararas\u0131 Felsefe Lisans Konferas\u0131\u2019n\u0131n organizat\u00f6rl\u00fc\u011f\u00fcn\u00fc yapt\u0131m, Bilkent Felsefe Toplulu\u011fu\u2019nun ba\u015fkanl\u0131\u011f\u0131n\u0131 yapt\u0131m, T\u00fcrkiye\u2019de t\u00fcr\u00fcn\u00fcn ilk \u00f6rne\u011fi olan Lisans Felsefe Dergisi &#8220;Prokopton&#8221;un kurucular\u0131 aras\u0131nda ve yay\u0131n kurulu y\u00f6netiminde yer ald\u0131m. Bilkent Felsefe\u2019nin en sevdi\u011fim yan\u0131 halihaz\u0131rda var olan bir k\u00fclt\u00fcr\u00fcn par\u00e7as\u0131 olup devam\u0131na katk\u0131da da bulunabilirsiniz, ilklere de imza atabilirsiniz. Bilkent Felsefe beraber de\u011fer \u00fcretebilecek insanlar\u0131 bir araya getirebildi\u011fi gibi bu s\u00fcre\u00e7te sizi destekleyecek hocalara da sahip oldu\u011fu i\u00e7in bunlar\u0131 yapabilmeniz i\u00e7in te\u015fvik edici bir ortam sa\u011fl\u0131yor. Bahsettiklerimin b\u00fcy\u00fck bir k\u0131sm\u0131n\u0131 kendisinden hi\u00e7 ders alma f\u0131rsat\u0131m\u0131n olmad\u0131\u011f\u0131 Tufan K\u0131ymaz hoca sayesinde ger\u00e7ekle\u015ftirebildi\u011fimizi s\u00f6ylersem hocalar\u0131n ne kadar destekleyici oldu\u011funu daha iyi a\u00e7\u0131klayabilmi\u015f olurum san\u0131r\u0131m. K\u0131sacas\u0131, Bilkent felsefede okumak hem entelekt\u00fcel anlamda besleyici ortamlar bulabildi\u011fim hem de b\u00f6yle ortamlar\u0131 hocalar\u0131m\u0131z\u0131n deste\u011fiyle arkada\u015flar\u0131mla beraber yaratabildi\u011fim e\u011flenceli ve geli\u015ftirici bir deneyimdi benim i\u00e7in.<\/p>\n<p><strong>5. Felsefe lisans e\u011fitimin akademik kariyer veya i\u015f hayat\u0131na nas\u0131l etki etti?<\/strong><\/p>\n<p>Yapay zek\u00e2 eti\u011fi disiplinleraras\u0131 bir alan; m\u00fchendislik, hukuk, politika, sosyoloji, psikoloji ve felsefe gibi bir\u00e7ok disiplinden besleniyor. Farkl\u0131 disiplinlerden insanlarla \u00e7al\u0131\u015fman\u0131z\u0131, bu disiplinlerde bilgi sahibi olman\u0131z\u0131, bu bilgileri sentezleyerek farkl\u0131 etmenleri g\u00f6zeten analizler yapman\u0131z\u0131, varsay\u0131mlar\u0131 sorgulaman\u0131z\u0131 ve s\u00fcrekli geli\u015fen dinamik bir ortamda potansiyel sonu\u00e7lar\u0131 ve ili\u015fkileri saptaman\u0131z\u0131 gerektiriyor. Felsefe e\u011fitimi bahsettiklerimin b\u00fcy\u00fck bir k\u0131sm\u0131n\u0131 ger\u00e7ekle\u015ftirebilmek i\u00e7in gerekli yetenekleri sa\u011fl\u0131yor. Muhtemelen, lisans e\u011fitimimin i\u015f hayat\u0131ma sa\u011flad\u0131\u011f\u0131 en b\u00fcy\u00fck faydalar ele\u015ftirel d\u00fc\u015f\u00fcnme ve yeni konular\u0131 -farkl\u0131 disiplinlerden olsa bile- rahatl\u0131kla \u00f6\u011frenebilme yetene\u011fi kazanm\u0131\u015f olmam. Lisans e\u011fitimim boyunca s\u00fcrekli pratik yapt\u0131\u011f\u0131m karma\u015f\u0131k fikirleri anlama, bu fikirleri ba\u015fkalar\u0131na aktarabilme ve tart\u0131\u015fabilme, sunum yapma ve akademik yazma gibi yeteneklerimi de s\u0131kl\u0131kla kullanmam gerekiyor.<\/p>\n","protected":false},"excerpt":{"rendered":"<p>B.A. Felsefe (Bilkent \u00dcniversitesi, 2022) ____________ 1. Merhaba Gamze! Bize biraz kendinden bahset. Bilkent\u2019ten mezun oldu\u011fundan bu yana neler yap\u0131yorsun? Merhaba! Bilkent\u2019ten yakla\u015f\u0131k iki y\u0131l \u00f6nce mezun oldum. Bilkent\u2019teki son [&hellip;]<\/p>\n","protected":false},"author":2,"featured_media":7856,"parent":0,"menu_order":0,"comment_status":"closed","ping_status":"closed","template":"","meta":{"inline_featured_image":false,"_monsterinsights_skip_tracking":false,"_monsterinsights_sitenote_active":false,"_monsterinsights_sitenote_note":"","_monsterinsights_sitenote_category":0,"ngg_post_thumbnail":0,"footnotes":""},"class_list":["post-7855","page","type-page","status-publish","has-post-thumbnail","hentry"],"yoast_head":"<!-- This site is optimized with the Yoast SEO plugin v27.3 - https:\/\/yoast.com\/product\/yoast-seo-wordpress\/ -->\n<title>Mezun Profili: Gamze Kaya - Bilkent Philosophy<\/title>\n<meta name=\"robots\" content=\"index, follow, max-snippet:-1, max-image-preview:large, max-video-preview:-1\" \/>\n<link rel=\"canonical\" href=\"http:\/\/www.phil.bilkent.edu.tr\/index.php\/mezun-profili-gamze-kaya\/\" \/>\n<meta property=\"og:locale\" content=\"en_US\" \/>\n<meta property=\"og:type\" content=\"article\" \/>\n<meta property=\"og:title\" content=\"Mezun Profili: Gamze Kaya - Bilkent Philosophy\" \/>\n<meta property=\"og:description\" content=\"B.A. Felsefe (Bilkent \u00dcniversitesi, 2022) ____________ 1. Merhaba Gamze! Bize biraz kendinden bahset. Bilkent\u2019ten mezun oldu\u011fundan bu yana neler yap\u0131yorsun? Merhaba! Bilkent\u2019ten yakla\u015f\u0131k iki y\u0131l \u00f6nce mezun oldum. Bilkent\u2019teki son [&hellip;]\" \/>\n<meta property=\"og:url\" content=\"http:\/\/www.phil.bilkent.edu.tr\/index.php\/mezun-profili-gamze-kaya\/\" \/>\n<meta property=\"og:site_name\" content=\"Bilkent Philosophy\" \/>\n<meta property=\"article:publisher\" content=\"https:\/\/www.facebook.com\/bilkent.philosophy\" \/>\n<meta property=\"article:modified_time\" content=\"2024-04-04T09:05:45+00:00\" \/>\n<meta property=\"og:image\" content=\"http:\/\/www.phil.bilkent.edu.tr\/wp-content\/uploads\/2024\/04\/WhatsApp-Image-2024-04-04-at-10.23.01-AM.jpeg\" \/>\n\t<meta property=\"og:image:width\" content=\"1600\" \/>\n\t<meta property=\"og:image:height\" content=\"1195\" \/>\n\t<meta property=\"og:image:type\" content=\"image\/jpeg\" \/>\n<meta name=\"twitter:card\" content=\"summary_large_image\" \/>\n<meta name=\"twitter:site\" content=\"@BilkentPhil\" \/>\n<meta name=\"twitter:label1\" content=\"Est. reading time\" \/>\n\t<meta name=\"twitter:data1\" content=\"4 minutes\" \/>\n<script type=\"application\/ld+json\" class=\"yoast-schema-graph\">{\"@context\":\"https:\\\/\\\/schema.org\",\"@graph\":[{\"@type\":\"WebPage\",\"@id\":\"http:\\\/\\\/www.phil.bilkent.edu.tr\\\/index.php\\\/mezun-profili-gamze-kaya\\\/\",\"url\":\"http:\\\/\\\/www.phil.bilkent.edu.tr\\\/index.php\\\/mezun-profili-gamze-kaya\\\/\",\"name\":\"Mezun Profili: Gamze Kaya - Bilkent Philosophy\",\"isPartOf\":{\"@id\":\"http:\\\/\\\/www.phil.bilkent.edu.tr\\\/#website\"},\"primaryImageOfPage\":{\"@id\":\"http:\\\/\\\/www.phil.bilkent.edu.tr\\\/index.php\\\/mezun-profili-gamze-kaya\\\/#primaryimage\"},\"image\":{\"@id\":\"http:\\\/\\\/www.phil.bilkent.edu.tr\\\/index.php\\\/mezun-profili-gamze-kaya\\\/#primaryimage\"},\"thumbnailUrl\":\"http:\\\/\\\/www.phil.bilkent.edu.tr\\\/wp-content\\\/uploads\\\/2024\\\/04\\\/WhatsApp-Image-2024-04-04-at-10.23.01-AM.jpeg\",\"datePublished\":\"2024-04-04T09:05:20+00:00\",\"dateModified\":\"2024-04-04T09:05:45+00:00\",\"breadcrumb\":{\"@id\":\"http:\\\/\\\/www.phil.bilkent.edu.tr\\\/index.php\\\/mezun-profili-gamze-kaya\\\/#breadcrumb\"},\"inLanguage\":\"en-US\",\"potentialAction\":[{\"@type\":\"ReadAction\",\"target\":[\"http:\\\/\\\/www.phil.bilkent.edu.tr\\\/index.php\\\/mezun-profili-gamze-kaya\\\/\"]}]},{\"@type\":\"ImageObject\",\"inLanguage\":\"en-US\",\"@id\":\"http:\\\/\\\/www.phil.bilkent.edu.tr\\\/index.php\\\/mezun-profili-gamze-kaya\\\/#primaryimage\",\"url\":\"http:\\\/\\\/www.phil.bilkent.edu.tr\\\/wp-content\\\/uploads\\\/2024\\\/04\\\/WhatsApp-Image-2024-04-04-at-10.23.01-AM.jpeg\",\"contentUrl\":\"http:\\\/\\\/www.phil.bilkent.edu.tr\\\/wp-content\\\/uploads\\\/2024\\\/04\\\/WhatsApp-Image-2024-04-04-at-10.23.01-AM.jpeg\",\"width\":1600,\"height\":1195},{\"@type\":\"BreadcrumbList\",\"@id\":\"http:\\\/\\\/www.phil.bilkent.edu.tr\\\/index.php\\\/mezun-profili-gamze-kaya\\\/#breadcrumb\",\"itemListElement\":[{\"@type\":\"ListItem\",\"position\":1,\"name\":\"Home\",\"item\":\"http:\\\/\\\/www.phil.bilkent.edu.tr\\\/\"},{\"@type\":\"ListItem\",\"position\":2,\"name\":\"Mezun Profili: Gamze Kaya\"}]},{\"@type\":\"WebSite\",\"@id\":\"http:\\\/\\\/www.phil.bilkent.edu.tr\\\/#website\",\"url\":\"http:\\\/\\\/www.phil.bilkent.edu.tr\\\/\",\"name\":\"Bilkent Philosophy\",\"description\":\"Bilkent University\",\"publisher\":{\"@id\":\"http:\\\/\\\/www.phil.bilkent.edu.tr\\\/#organization\"},\"potentialAction\":[{\"@type\":\"SearchAction\",\"target\":{\"@type\":\"EntryPoint\",\"urlTemplate\":\"http:\\\/\\\/www.phil.bilkent.edu.tr\\\/?s={search_term_string}\"},\"query-input\":{\"@type\":\"PropertyValueSpecification\",\"valueRequired\":true,\"valueName\":\"search_term_string\"}}],\"inLanguage\":\"en-US\"},{\"@type\":\"Organization\",\"@id\":\"http:\\\/\\\/www.phil.bilkent.edu.tr\\\/#organization\",\"name\":\"Bilkent Philosophy\",\"url\":\"http:\\\/\\\/www.phil.bilkent.edu.tr\\\/\",\"logo\":{\"@type\":\"ImageObject\",\"inLanguage\":\"en-US\",\"@id\":\"http:\\\/\\\/www.phil.bilkent.edu.tr\\\/#\\\/schema\\\/logo\\\/image\\\/\",\"url\":\"http:\\\/\\\/www.phil.bilkent.edu.tr\\\/wp-content\\\/uploads\\\/2016\\\/10\\\/Bilkent-phil_logo.png\",\"contentUrl\":\"http:\\\/\\\/www.phil.bilkent.edu.tr\\\/wp-content\\\/uploads\\\/2016\\\/10\\\/Bilkent-phil_logo.png\",\"width\":328,\"height\":54,\"caption\":\"Bilkent Philosophy\"},\"image\":{\"@id\":\"http:\\\/\\\/www.phil.bilkent.edu.tr\\\/#\\\/schema\\\/logo\\\/image\\\/\"},\"sameAs\":[\"https:\\\/\\\/www.facebook.com\\\/bilkent.philosophy\",\"https:\\\/\\\/x.com\\\/BilkentPhil\",\"https:\\\/\\\/www.youtube.com\\\/channel\\\/UCzij4ZE6X-bu1d9t6DJhlLA\"]}]}<\/script>\n<!-- \/ Yoast SEO plugin. -->","yoast_head_json":{"title":"Mezun Profili: Gamze Kaya - Bilkent Philosophy","robots":{"index":"index","follow":"follow","max-snippet":"max-snippet:-1","max-image-preview":"max-image-preview:large","max-video-preview":"max-video-preview:-1"},"canonical":"http:\/\/www.phil.bilkent.edu.tr\/index.php\/mezun-profili-gamze-kaya\/","og_locale":"en_US","og_type":"article","og_title":"Mezun Profili: Gamze Kaya - Bilkent Philosophy","og_description":"B.A. Felsefe (Bilkent \u00dcniversitesi, 2022) ____________ 1. Merhaba Gamze! Bize biraz kendinden bahset. Bilkent\u2019ten mezun oldu\u011fundan bu yana neler yap\u0131yorsun? Merhaba! Bilkent\u2019ten yakla\u015f\u0131k iki y\u0131l \u00f6nce mezun oldum. Bilkent\u2019teki son [&hellip;]","og_url":"http:\/\/www.phil.bilkent.edu.tr\/index.php\/mezun-profili-gamze-kaya\/","og_site_name":"Bilkent Philosophy","article_publisher":"https:\/\/www.facebook.com\/bilkent.philosophy","article_modified_time":"2024-04-04T09:05:45+00:00","og_image":[{"width":1600,"height":1195,"url":"http:\/\/www.phil.bilkent.edu.tr\/wp-content\/uploads\/2024\/04\/WhatsApp-Image-2024-04-04-at-10.23.01-AM.jpeg","type":"image\/jpeg"}],"twitter_card":"summary_large_image","twitter_site":"@BilkentPhil","twitter_misc":{"Est. reading time":"4 minutes"},"schema":{"@context":"https:\/\/schema.org","@graph":[{"@type":"WebPage","@id":"http:\/\/www.phil.bilkent.edu.tr\/index.php\/mezun-profili-gamze-kaya\/","url":"http:\/\/www.phil.bilkent.edu.tr\/index.php\/mezun-profili-gamze-kaya\/","name":"Mezun Profili: Gamze Kaya - Bilkent Philosophy","isPartOf":{"@id":"http:\/\/www.phil.bilkent.edu.tr\/#website"},"primaryImageOfPage":{"@id":"http:\/\/www.phil.bilkent.edu.tr\/index.php\/mezun-profili-gamze-kaya\/#primaryimage"},"image":{"@id":"http:\/\/www.phil.bilkent.edu.tr\/index.php\/mezun-profili-gamze-kaya\/#primaryimage"},"thumbnailUrl":"http:\/\/www.phil.bilkent.edu.tr\/wp-content\/uploads\/2024\/04\/WhatsApp-Image-2024-04-04-at-10.23.01-AM.jpeg","datePublished":"2024-04-04T09:05:20+00:00","dateModified":"2024-04-04T09:05:45+00:00","breadcrumb":{"@id":"http:\/\/www.phil.bilkent.edu.tr\/index.php\/mezun-profili-gamze-kaya\/#breadcrumb"},"inLanguage":"en-US","potentialAction":[{"@type":"ReadAction","target":["http:\/\/www.phil.bilkent.edu.tr\/index.php\/mezun-profili-gamze-kaya\/"]}]},{"@type":"ImageObject","inLanguage":"en-US","@id":"http:\/\/www.phil.bilkent.edu.tr\/index.php\/mezun-profili-gamze-kaya\/#primaryimage","url":"http:\/\/www.phil.bilkent.edu.tr\/wp-content\/uploads\/2024\/04\/WhatsApp-Image-2024-04-04-at-10.23.01-AM.jpeg","contentUrl":"http:\/\/www.phil.bilkent.edu.tr\/wp-content\/uploads\/2024\/04\/WhatsApp-Image-2024-04-04-at-10.23.01-AM.jpeg","width":1600,"height":1195},{"@type":"BreadcrumbList","@id":"http:\/\/www.phil.bilkent.edu.tr\/index.php\/mezun-profili-gamze-kaya\/#breadcrumb","itemListElement":[{"@type":"ListItem","position":1,"name":"Home","item":"http:\/\/www.phil.bilkent.edu.tr\/"},{"@type":"ListItem","position":2,"name":"Mezun Profili: Gamze Kaya"}]},{"@type":"WebSite","@id":"http:\/\/www.phil.bilkent.edu.tr\/#website","url":"http:\/\/www.phil.bilkent.edu.tr\/","name":"Bilkent Philosophy","description":"Bilkent University","publisher":{"@id":"http:\/\/www.phil.bilkent.edu.tr\/#organization"},"potentialAction":[{"@type":"SearchAction","target":{"@type":"EntryPoint","urlTemplate":"http:\/\/www.phil.bilkent.edu.tr\/?s={search_term_string}"},"query-input":{"@type":"PropertyValueSpecification","valueRequired":true,"valueName":"search_term_string"}}],"inLanguage":"en-US"},{"@type":"Organization","@id":"http:\/\/www.phil.bilkent.edu.tr\/#organization","name":"Bilkent Philosophy","url":"http:\/\/www.phil.bilkent.edu.tr\/","logo":{"@type":"ImageObject","inLanguage":"en-US","@id":"http:\/\/www.phil.bilkent.edu.tr\/#\/schema\/logo\/image\/","url":"http:\/\/www.phil.bilkent.edu.tr\/wp-content\/uploads\/2016\/10\/Bilkent-phil_logo.png","contentUrl":"http:\/\/www.phil.bilkent.edu.tr\/wp-content\/uploads\/2016\/10\/Bilkent-phil_logo.png","width":328,"height":54,"caption":"Bilkent Philosophy"},"image":{"@id":"http:\/\/www.phil.bilkent.edu.tr\/#\/schema\/logo\/image\/"},"sameAs":["https:\/\/www.facebook.com\/bilkent.philosophy","https:\/\/x.com\/BilkentPhil","https:\/\/www.youtube.com\/channel\/UCzij4ZE6X-bu1d9t6DJhlLA"]}]}},"_links":{"self":[{"href":"http:\/\/www.phil.bilkent.edu.tr\/index.php\/wp-json\/wp\/v2\/pages\/7855","targetHints":{"allow":["GET"]}}],"collection":[{"href":"http:\/\/www.phil.bilkent.edu.tr\/index.php\/wp-json\/wp\/v2\/pages"}],"about":[{"href":"http:\/\/www.phil.bilkent.edu.tr\/index.php\/wp-json\/wp\/v2\/types\/page"}],"author":[{"embeddable":true,"href":"http:\/\/www.phil.bilkent.edu.tr\/index.php\/wp-json\/wp\/v2\/users\/2"}],"replies":[{"embeddable":true,"href":"http:\/\/www.phil.bilkent.edu.tr\/index.php\/wp-json\/wp\/v2\/comments?post=7855"}],"version-history":[{"count":1,"href":"http:\/\/www.phil.bilkent.edu.tr\/index.php\/wp-json\/wp\/v2\/pages\/7855\/revisions"}],"predecessor-version":[{"id":7857,"href":"http:\/\/www.phil.bilkent.edu.tr\/index.php\/wp-json\/wp\/v2\/pages\/7855\/revisions\/7857"}],"wp:featuredmedia":[{"embeddable":true,"href":"http:\/\/www.phil.bilkent.edu.tr\/index.php\/wp-json\/wp\/v2\/media\/7856"}],"wp:attachment":[{"href":"http:\/\/www.phil.bilkent.edu.tr\/index.php\/wp-json\/wp\/v2\/media?parent=7855"}],"curies":[{"name":"wp","href":"https:\/\/api.w.org\/{rel}","templated":true}]}}